9
Let h = -63 - -212. Suppose -2*d = -2*s - 2*s + 262, -5*d = 2*s - h. List the prime factors of s.
67
Suppose 2*c = m - 8, 4*c - m = -8 - 4. Let p be (1/c + 0)*-116. Suppose p + 14 = 3*q. What are the prime factors of q?
2, 3
Suppose -5*t - 176 + 316 = 0. Suppose -t*w - 660 = -34*w. List the prime factors of w.
2, 5, 11
Let t(a) = 6*a + 37. Let h be t(15). Let b = h + -41. What are the prime factors of b?
2, 43
What are the prime factors of (-1375 + 21)*(-2)/4?
677
List the prime factors of (1 - -17)*80/8.
2, 3, 5
Suppose 0 = 11*y - 7*y - 16. Suppose h - 4*o - 212 = -h, -y*o = h - 82. What are the prime factors of h?
2, 7
Let l = -8 - 14. Let t(m) = m**3 + 13*m**2 + 34*m + 26. Let o be t(-8). Let r = o + l. List the prime factors of r.
2, 13
Let j(y) = -y**3 + 8*y**2 + 2*y - 5. Let x be j(6). Let i = 111 - x. What are the prime factors of i?
2
Suppose 4*d - 1192 = 1168. List the prime factors of d.
2, 5, 59
Suppose 277 = 3*z - 209. Suppose -2*d = 4*q - q - 162, -3*q = -2*d - z. Let r = -24 + q. List the prime factors of r.
2, 3, 5
List the prime factors of 3/(((-5)/(-800))/(96/45)).
2
Suppose 35*z + 4*z - 108108 = 0. List the prime factors of z.
2, 3, 7, 11
Let b = 99 - 109. List the prime factors of (-132)/(-3) - (b + 14).
2, 5
Let f = -894 + 3226. What are the prime factors of f?
2, 11, 53
Suppose -25 + 14 = -q. Suppose 3*v = q*v - 440. List the prime factors of v.
5, 11
Suppose -5*w = 1 + 4. Let c = w - -5. Let v(i) = i**3 - 2*i**2 - 3*i + 1. List the prime factors of v(c).
3, 7
List the prime factors of 557 - (-8 + 5 - -10).
2, 5, 11
Let h = 122 + -62. List the prime factors of h.
2, 3, 5
Suppose -13*h = -82124 + 27121. List the prime factors of h.
4231
What are the prime factors of (173/5)/(9/(-5) - -2)?
173
Let c = -1488 - -2124. List the prime factors of c.
2, 3, 53
Let b(c) = 4*c**2 - 5*c + 3. Let d be b(3). Let s = -97 + 90. Let f = d + s. What are the prime factors of f?
17
Suppose 5*g + 2*p = 8232, 5*g = 4*p + p + 8225. What are the prime factors of g?
2, 823
Suppose -3*w = -3*q - 6018, w - 1142 = -5*q + 882. List the prime factors of w.
7, 41
Let d = 269 + -87. Let c = 300 - d. What are the prime factors of c?
2, 59
Let c(k) = -32*k - 258. List the prime factors of c(-19).
2, 5, 7
Let z be (-4)/(-10) - (-54)/15. Suppose 4*j + j = -p + 574, -z*j + 436 = -5*p. Suppose -4*q - n + j = -6*n, -4 = 2*n. List the prime factors of q.
2, 13
Let z = -13 - -19. Let l(v) = -v**3 + 7*v**2 + 6*v + 6. What are the prime factors of l(z)?
2, 3, 13
Let b(n) be the third derivative of n**5/60 - 5*n**4/24 + 10*n**3/3 - 18*n**2. List the prime factors of b(6).
2, 13
Let t = -15 - -17. Suppose 5*v + t*h - 20 = 0, -v = -0*v - h - 4. List the prime factors of 222/v + 3/6.
2, 7
Let i be (5/20*-4)/((-2)/(-660)). Let z = -197 - i. What are the prime factors of z?
7, 19
Suppose 3*v - 2*r = 26, -48 = -5*v + 2*r - r. Suppose 2*g - 2448 = -v*g. What are the prime factors of g?
2, 3, 17
Let q(f) = -f**3 + 7*f**2 - 8*f + 14. Let v be q(6). Suppose -2*b + 68 = -v. List the prime factors of b.
5, 7
Let z = 1563 + -753. List the prime factors of z.
2, 3, 5
Suppose 0 = 2*l - 2, 0*u - 3*u = 4*l - 28. List the prime factors of (u/2 - 1) + 111.
2, 3, 19
List the prime factors of 1229/6 - 6/(-36).
5, 41
Suppose 5043 = 6*l - 1197. List the prime factors of l.
2, 5, 13
Suppose 2835 = 4*a - 3*t, -3*a - 16*t + 2100 = -13*t. List the prime factors of a.
3, 5, 47
Let h(z) be the first derivative of z**4/4 + 10*z**3/3 + 5*z**2/2 + 2*z + 75. Let v be 3/2*(-1 - 5). List the prime factors of h(v).
2, 19
Suppose -23*m + 25*m - 18 = 0. Let y = 20 - m. What are the prime factors of y?
11
Let y(p) = p**2 + p + 2121. Let l be y(0). What are the prime factors of l/49 + (-4)/14?
43
List the prime factors of (-42920)/(-240) + (-1)/6*5.
2, 89
Suppose -4*o = 2*p - 276, -3*p + 138 = 2*o - p. Suppose -5*r + 2*r = o. Let k = r + 93. What are the prime factors of k?
2, 5, 7
Suppose j - 12 = -2*j. Suppose 2*f = -j*d + 146, 3*d - 2*f = -f + 107. Suppose 49 + d = 5*z. What are the prime factors of z?
17
Let j(w) = -w**3 - 3*w**2 + 18*w + 5. Let p be j(-6). Suppose p*r - 10*r + 1095 = 0. What are the prime factors of r?
3, 73
List the prime factors of ((-1)/2)/(((-42)/(-14292))/(-7)).
3, 397
Let u = -926 + 1571. What are the prime factors of u?
3, 5, 43
Let s(h) = -4*h**3 - 13*h**2 - 44*h + 11. What are the prime factors of s(-8)?
1579
Suppose 7*h - 38610 = -23*h. List the prime factors of h.
3, 11, 13
Suppose 72 = -2*f + 5*f. Let r = f - 18. What are the prime factors of r/(-15) - 117/(-5)?
23
Let i = -245 - -509. List the prime factors of i.
2, 3, 11
Suppose -z + 32 - 3 = w, -4*w = -z + 19. Let b(j) = -j**3 - 10*j**2 + j - 2. Let l be b(-10). Let n = l + z. List the prime factors of n.
3, 5
Let o(z) = 26*z**2 - 3*z - 3. What are the prime factors of o(5)?
2, 79
Suppose -3*q + 804 = 3*h, -h + 4*q = -216 - 37. What are the prime factors of h?
5, 53
Let x be (-2)/9 - 453/27. Let l = 15 - x. Suppose -2*d = 3*a - 19, -4*a + 3*a = 3*d - l. List the prime factors of d.
11
Suppose 5*r + 5*k - 17643 = -2*r, -3*k + 7557 = 3*r. List the prime factors of r.
2, 631
Let s be (-4 - -6)*(3 - 2). Suppose -2*d = 14 - s. List the prime factors of ((-16)/d)/(14/147).
2, 7
Let h(u) = u**2 - 7*u - 5. Let p be h(7). Let o(r) = -r**3 - 4*r**2 + 2*r + 4. List the prime factors of o(p).
19
Suppose -5*q = 2*h - 61, -3*q = -2*h - 0*h + 85. What are the prime factors of h?
2, 19
Suppose o = -h - 115 - 21, 4*o = 5*h - 535. Let g = 378 + o. List the prime factors of g.
3
Suppose -2*y + 3725 = 3*m, 2*m + 629 = y - 1244. What are the prime factors of y?
1867
Let v = 4562 + -2552. What are the prime factors of v?
2, 3, 5, 67
Let f(q) = -q**3 + 4*q**2 + 18*q + 11. What are the prime factors of f(-7)?
2, 53
Suppose j + 3*m = -3, 0 = 5*j - 4*m - 26 + 3. Suppose -j*g + 70 = -77. List the prime factors of g.
7
Let o(a) = -a**2 - 10*a + 8. Let u be o(-11). Let b(x) = -7*x**2 - 2*x + 1. Let g be b(u). Let s = g + 79. What are the prime factors of s?
23
Suppose -13560 - 1908 = -12*m. List the prime factors of m.
1289
Suppose 0 = 15*q - 24*q - 4122. Let l = -169 - q. List the prime factors of l.
17
Let r(p) = -2*p**3 + 18 + 4*p**3 + 8*p + 7*p**2 - 3*p**3. What are the prime factors of r(8)?
2, 3
Let x = -11 - -13. Suppose 3*a - 3 + 1 = -x*n, -2 = -3*n - 4*a. List the prime factors of 1*(1*36 - n).
2, 19
Let f be (64/12)/(0 + 6/(-495)). List the prime factors of f/(-12) - 1/(-3).
37
Let a(u) = -u**3 - 3*u**2 + 2*u - 3. Let q be a(-4). Suppose 2 = -q*i + 12. Suppose -33 + 99 = i*m. What are the prime factors of m?
3, 11
Let i(p) = -17*p**3 - 2*p**2 - p. Let n(a) be the third derivative of a**5/60 - a**4/6 - a**3/6 - 4*a**2. Let b be n(4). What are the prime factors of i(b)?
2
Suppose -k + 2*f - 3 = 0, -4*k - 5*f - 16 = -43. Suppose -g + c = k*c - 41, 3*g + 4*c - 121 = 0. What are the prime factors of g?
3, 13
Suppose 2*c - 5*s - 36 = 1, 3*c + 3*s = 66. Suppose -c - 51 = 2*u. Let x = u + 65. What are the prime factors of x?
29
Suppose -10 = 2*d - 5*f, d = -2*f + 5*f - 7. Suppose 0 = d*n - 34 - 31. List the prime factors of n.
13
Suppose -z + 3*s = -39, z - s - s = 34. Let m = z + -9. Suppose -c + 8 = -m. What are the prime factors of c?
23
Suppose x = -x - 3*q + 8, 24 = 2*x - 5*q. Suppose 5*u + 96 = x*u. Suppose -168 = -2*j - u. What are the prime factors of j?
2, 3, 5
Let f(r) = r**2 + 13*r + 4. Let a be ((-195)/(-12))/(-5)*4. Let h be f(a). Suppose 3*y - 1 = -4*j, 4*j - 2 = -h*y + 6. What are the prime factors of y?
7
Let u = 1957 - 1942. What are the prime factors of u?
3, 5
Suppose m - 13 = -4. Let v = 28 + m. Suppose 20 = 5*i - 4*c, 4*i + c = -0*c + v. List the prime factors of i.
2
Suppose -4*c - 8*u + 7*u + 3451 = 0, -4*c + u + 3453 = 0. List the prime factors of c.
863
Let t = 8 - 3. Suppose q - 3*o + 1094 = t*q, q = -4*o + 267. What are the prime factors of q?
5, 11
Suppose 4*c = -c + 195. Suppose 4*v + 2 + c = 5*u, -4*u + 4*v = -36. Suppose -5*z + u + 5 = 0. What are the prime factors of z?
2
Let x(f) = -2*f**2 + 52*f + 20. List the prime factors of x(23).
2, 79
Let n(i) be the second derivative of i**4/6 + i**3/2 - i**2/2 - 12*i. Let x be n(-4). Suppose x*l = 15*l + 108. What are the prime factors of l?
3
Let r = 53 - -314. Li